{"id":25,"date":"2021-07-25T15:23:03","date_gmt":"2021-07-25T13:23:03","guid":{"rendered":"http:\/\/www.hnw-online.de\/backschies\/?page_id=25"},"modified":"2021-07-27T15:16:45","modified_gmt":"2021-07-27T13:16:45","slug":"krankenpflege","status":"publish","type":"page","link":"https:\/\/www.backschies.de\/?page_id=25","title":{"rendered":"Krankenpflege"},"content":{"rendered":"\n<h2 class=\"wp-block-heading\">Erfahren Sie mehr \u00fcber unsere Leistungen im Bereich Krankenpflege<\/h2>\n\n\n\n<p>Es sind die F\u00e4higkeit und das Engagement unserer Betreuer und Pfleger, die uns herausstechen lassen. Die freundliche und professionelle Herangehensweise an ihre Arbeit erm\u00f6glicht unseren \u00e4lteren Bewohnern und Pflegepatienten ein erf\u00fclltes, gl\u00fccklicheres und unabh\u00e4ngigeres Leben.<\/p>\n\n\n\n<div class=\"wp-block-columns is-layout-flex wp-container-core-columns-layout-1 wp-block-columns-is-layout-flex\">\n<div class=\"wp-block-column is-layout-flow wp-block-column-is-layout-flow\">\n<figure class=\"wp-block-image size-large\"><img decoding=\"async\" src=\"\/wp-content\/uploads\/2021\/07\/nursing-assistant-week-2019.jpg\" alt=\"\"\/><\/figure>\n<\/div>\n\n\n\n<div class=\"wp-block-column is-layout-flow wp-block-column-is-layout-flow\">\n<p> Unsere Pflegekr\u00e4fte sind alle registriert und f\u00fcr ihre Rollen voll qualifiziert. Sie erweitern regelm\u00e4\u00dfig ihre F\u00e4higkeiten und Kenntnisse mit unserer vollen Unterst\u00fctzung. Ihre Pflegekraft kann Ihnen bei allen Fragen behilflich sein, von der pers\u00f6nlichen Betreuung und dem Wohlbefinden bis hin zur Unterst\u00fctzung bei der t\u00e4glichen Hausarbeit. Unsere privaten Pflegekr\u00e4fte sind v\u00f6llig flexibel auf Ihre Bed\u00fcrfnisse eingestellt und bieten Ihnen eine individuelle Betreuung. Die Behandlungspflege wird normalerweise vom Arzt verordnet. <\/p>\n<\/div>\n<\/div>\n\n\n\n<div class=\"wp-block-buttons is-content-justification-center is-layout-flex wp-block-buttons-is-layout-flex\">\n<div class=\"wp-block-button\"><a class=\"wp-block-button__link\" href=\"?page_id=15\">Unser Pflegeleitbild<\/a><\/div>\n<\/div>\n\n\n\n<h2 class=\"wp-block-heading\">Unsere Dienstleistungen im \u00dcberblick<\/h2>\n\n\n\n<p>Die Kosten, die bei den \u00e4rztlich&nbsp;verordneten Leistungen entstehen,&nbsp;werden selbstverst\u00e4ndlich direkt mit der&nbsp;Krankenkasse abgerechnet, weswegen Sie sich um den finanziellen Aspekt \u00fcberhaupt nicht sorgen m\u00fcssen. Solche Ma\u00dfnahmen k\u00f6nnten sein:<\/p>\n\n\n\n<ul><li>Injektionen<\/li><li>\u00dcberwachung sowie Gabe von Medikamenten<\/li><li>Blutdruckmessungen<\/li><li>Insulin-Versorgung<\/li><li>Verbandswechsel<\/li><li>Blutzucker-Messungen<\/li><li>Herrichten von Medikamenten (Wochenbox)<\/li><li>Organisation und \u00dcberwachung von Ern\u00e4hrungstherapien (enteral + parenteral)<\/li><li>Anlegen von Kompressionsverb\u00e4nden<\/li><li>Wundversorgung (qualifiziertes Wundmanagement)<\/li><\/ul>\n\n\n\n<p>Alle unsere Pflegekr\u00e4fte verf\u00fcgen \u00fcber mindestens drei Jahre Erfahrung und haben daher ein tiefes Verst\u00e4ndnis f\u00fcr die Auswirkungen und K\u00e4mpfe, die Sie durchmachen und die Ihre Angeh\u00f6rigen m\u00f6glicherweise nicht vollst\u00e4ndig verstehen. Ihr Betreuer wird da sein, um Ihnen an Ihren guten und vor allem an Ihren schlechten Tagen behilflich zu sein.<\/p>\n\n\n\n<p>Wenn Sie eine Pflegekraft haben, k\u00f6nnen Sie und Ihre Angeh\u00f6rigen beruhigt sein, dass Sie in den f\u00e4higsten H\u00e4nden sind, falls Sie jemals einen Notfall haben sollten.<\/p>\n","protected":false},"excerpt":{"rendered":"<p>Erfahren Sie mehr \u00fcber unsere Leistungen im Bereich Krankenpflege Es sind die F\u00e4higkeit und das Engagement unserer Betreuer und Pfleger, die uns herausstechen lassen. Die &hellip; <\/p>\n","protected":false},"author":1,"featured_media":262,"parent":0,"menu_order":0,"comment_status":"closed","ping_status":"closed","template":"","meta":{"footnotes":""},"_links":{"self":[{"href":"https:\/\/www.backschies.de\/index.php?rest_route=\/wp\/v2\/pages\/25"}],"collection":[{"href":"https:\/\/www.backschies.de\/index.php?rest_route=\/wp\/v2\/pages"}],"about":[{"href":"https:\/\/www.backschies.de\/index.php?rest_route=\/wp\/v2\/types\/page"}],"author":[{"embeddable":true,"href":"https:\/\/www.backschies.de\/index.php?rest_route=\/wp\/v2\/users\/1"}],"replies":[{"embeddable":true,"href":"https:\/\/www.backschies.de\/index.php?rest_route=%2Fwp%2Fv2%2Fcomments&post=25"}],"version-history":[{"count":6,"href":"https:\/\/www.backschies.de\/index.php?rest_route=\/wp\/v2\/pages\/25\/revisions"}],"predecessor-version":[{"id":244,"href":"https:\/\/www.backschies.de\/index.php?rest_route=\/wp\/v2\/pages\/25\/revisions\/244"}],"wp:featuredmedia":[{"embeddable":true,"href":"https:\/\/www.backschies.de\/index.php?rest_route=\/wp\/v2\/media\/262"}],"wp:attachment":[{"href":"https:\/\/www.backschies.de\/index.php?rest_route=%2Fwp%2Fv2%2Fmedia&parent=25"}],"curies":[{"name":"wp","href":"https:\/\/api.w.org\/{rel}","templated":true}]}}