{"id":29,"date":"2021-07-25T15:23:35","date_gmt":"2021-07-25T13:23:35","guid":{"rendered":"http:\/\/www.hnw-online.de\/backschies\/?page_id=29"},"modified":"2021-07-27T15:17:20","modified_gmt":"2021-07-27T13:17:20","slug":"verhinderungspflege","status":"publish","type":"page","link":"https:\/\/www.backschies.de\/?page_id=29","title":{"rendered":"Verhinderungspflege"},"content":{"rendered":"\n<h2 class=\"wp-block-heading\"> <strong>Unsere Leistungen f\u00fcr Ersatz- und Verhinderungspfleg<\/strong>e<\/h2>\n\n\n\n<p>Sollte Ihre bisherige Pflegeperson z. B. aufgrund einer Krankheit oder eines Erholungsurlaubs Ihre Pflege vor\u00fcbergehend nicht aus\u00fcben k\u00f6nnen, werden die Pflegekassen mit der sogenannten \u201eVerhinderungspflege\u201d (Ersatzpflege) eintreten. Erbringt ein ambulanter Pflegedienst diese Leistungen f\u00fcr Pflege w\u00e4hrend der Ersatzpflege, so \u00fcbernimmt die Pflegeversicherung die anfallenden Kosten bis h\u00f6chstens 1.612 Euro pro Kalenderjahr.<\/p>\n\n\n\n<div class=\"wp-block-columns is-layout-flex wp-container-core-columns-layout-1 wp-block-columns-is-layout-flex\">\n<div class=\"wp-block-column is-layout-flow wp-block-column-is-layout-flow\">\n<figure class=\"wp-block-image size-large\"><img decoding=\"async\" src=\"\/wp-content\/uploads\/2021\/07\/haeusliche-Altenpflege-Vorteile-Seniorenbetreueung24.jpg\" alt=\"\"\/><\/figure>\n<\/div>\n\n\n\n<div class=\"wp-block-column is-layout-flow wp-block-column-is-layout-flow\">\n<p> Die Verhinderungspflege kann f\u00fcr h\u00f6chstens 42 Tage (sechs Wochen) pro Kalenderjahr in Anspruch genommen werden. Die zust\u00e4ndige Pflegekraft muss die pflegebed\u00fcrftige Person zumindest sechs Monate lang in ihrer h\u00e4uslichen Umgebung versorgt haben, bevor die Leistungen f\u00fcr die Ersatzpflege beantragt werden k\u00f6nnen. Der Leistungsbetrag der Ersatzpflege kann um bis zu 806 Euro aus dem Budget der Kurzzeitpflege gesteigert werden. Die Voraussetzung daf\u00fcr ist, dass das Kurzzeitpflegegeld in dem gegebenen Jahr noch nicht aufgebraucht ist. <\/p>\n<\/div>\n<\/div>\n\n\n\n<p>Die Ersatzpflege kann durch eine vertraute Person wie z. B. Angeh\u00f6rige, Freunde oder gar Nachbarn bzw. durch einen ambulanten Pflegedienst geleistet werden. Ebenfalls kann eine vollstation\u00e4re Einrichtung wie z. B. eine Kurzzeitpflegeeinrichtung die Verhinderungspflege \u00fcbernehmen.<\/p>\n\n\n\n<p>Sollte die Ersatzpflege durch eine professionelle und kompetente Pflegeeinrichtung \u00fcbernommen werden, kann eine Kostenerstattung auch direkt an diese erfolgen, vorausgesetzt die pflegebed\u00fcrftige Person unterzeichnet eine Abtretungserkl\u00e4rung. Darauffolgend kann die verantwortliche Einrichtung die Leistungen der Pflegekasse selbst direkt in Rechnung stellen, ohne dass Sie in Vorleistung treten m\u00fcssen.<\/p>\n\n\n\n<p>Es gibt ebenso F\u00e4lle, wo die Pfleget\u00e4tigkeit nur f\u00fcr einige Stunden unterbrochen werden muss. Beispiele daf\u00fcr sind ein Kinobesuch oder ein Arzttermin. Auch in solchen F\u00e4llen \u00fcbernimmt die Pflegekasse die Kosten der Verhinderungspflege bis zur gesetzlich festgelegten H\u00f6he. Tage, an denen die Dauer der Verhinderungspflege weniger als acht Stunden betr\u00e4gt, werden nicht von dem Gesamtanspruch von 42 Tagen abgezogen. Ebenso wird das Pflegegeld nicht gek\u00fcrzt. Ausschlaggebend hierbei ist, wie lange die Person, die f\u00fcr die Pflege zust\u00e4ndig ist, verhindert ist und nicht, wie lange eine Ersatzpflegekraft besch\u00e4ftigt wird.<\/p>\n","protected":false},"excerpt":{"rendered":"<p>Unsere Leistungen f\u00fcr Ersatz- und Verhinderungspflege Sollte Ihre bisherige Pflegeperson z. B. aufgrund einer Krankheit oder eines Erholungsurlaubs Ihre Pflege vor\u00fcbergehend nicht aus\u00fcben k\u00f6nnen, werden &hellip; <\/p>\n","protected":false},"author":1,"featured_media":262,"parent":0,"menu_order":0,"comment_status":"closed","ping_status":"closed","template":"","meta":{"footnotes":""},"_links":{"self":[{"href":"https:\/\/www.backschies.de\/index.php?rest_route=\/wp\/v2\/pages\/29"}],"collection":[{"href":"https:\/\/www.backschies.de\/index.php?rest_route=\/wp\/v2\/pages"}],"about":[{"href":"https:\/\/www.backschies.de\/index.php?rest_route=\/wp\/v2\/types\/page"}],"author":[{"embeddable":true,"href":"https:\/\/www.backschies.de\/index.php?rest_route=\/wp\/v2\/users\/1"}],"replies":[{"embeddable":true,"href":"https:\/\/www.backschies.de\/index.php?rest_route=%2Fwp%2Fv2%2Fcomments&post=29"}],"version-history":[{"count":6,"href":"https:\/\/www.backschies.de\/index.php?rest_route=\/wp\/v2\/pages\/29\/revisions"}],"predecessor-version":[{"id":247,"href":"https:\/\/www.backschies.de\/index.php?rest_route=\/wp\/v2\/pages\/29\/revisions\/247"}],"wp:featuredmedia":[{"embeddable":true,"href":"https:\/\/www.backschies.de\/index.php?rest_route=\/wp\/v2\/media\/262"}],"wp:attachment":[{"href":"https:\/\/www.backschies.de\/index.php?rest_route=%2Fwp%2Fv2%2Fmedia&parent=29"}],"curies":[{"name":"wp","href":"https:\/\/api.w.org\/{rel}","templated":true}]}}