{"id":9,"date":"2021-07-25T15:20:07","date_gmt":"2021-07-25T13:20:07","guid":{"rendered":"http:\/\/www.hnw-online.de\/backschies\/?page_id=9"},"modified":"2025-05-25T16:04:48","modified_gmt":"2025-05-25T14:04:48","slug":"home","status":"publish","type":"page","link":"https:\/\/www.backschies.de\/","title":{"rendered":"Home"},"content":{"rendered":"\n<h2 class=\"wp-block-heading\"><strong><span class=\"has-inline-color has-black-color\">Backschies H\u00e4usliche Krankenpflege und Seniorenbetreuung GmbH<\/span><\/strong><\/h2>\n\n\n\n<div class=\"wp-block-columns is-layout-flex wp-container-core-columns-layout-1 wp-block-columns-is-layout-flex\">\n<div class=\"wp-block-column is-layout-flow wp-block-column-is-layout-flow\" style=\"flex-basis:33.33%\">\n<figure class=\"wp-block-image size-full\"><img loading=\"lazy\" decoding=\"async\" width=\"420\" height=\"286\" src=\"https:\/\/www.backschies.de\/wp-content\/uploads\/2021\/07\/ssmgrp_dining_room_community.jpg\" alt=\"\" class=\"wp-image-96\"\/><\/figure>\n<\/div>\n\n\n\n<div class=\"wp-block-column is-layout-flow wp-block-column-is-layout-flow\" style=\"flex-basis:66.66%\">\n<p> Herzlich willkommen!&nbsp;Wir sind ein Familienbetrieb mit Traditionen und wir glauben, dass das Alter gefeiert werden sollte. Jeder sollte die M\u00f6glichkeit haben, gl\u00fccklich, komfortabel und unabh\u00e4ngig zu leben. Die meisten von uns w\u00fcrden, wenn sie die Wahl h\u00e4tten, f\u00fcr den Rest ihres Lebens in ihren eigenen vier W\u00e4nden bleiben. F\u00fcr einige von uns wird dies jedoch nicht m\u00f6glich sein, da wir m\u00f6glicherweise zus\u00e4tzliche Unterst\u00fctzung ben\u00f6tigen, um unser physisches oder psychisches Wohlbefinden aufrechtzuerhalten. Wir stehen Ihnen 24 Stunden am Tag mit Rat und Tat mit unserem&nbsp;ambulanten Pflegedienst&nbsp;zur Seite. <\/p>\n<\/div>\n<\/div>\n\n\n\n<h3 class=\"wp-block-heading\">Unser Angebot als ambulanter Pflegedienst mit Charakter<\/h3>\n\n\n\n<p> Unser Fokus liegt darauf, Kunden dabei zu helfen, ihr Gef\u00fchl der Unabh\u00e4ngigkeit im Komfort und in der Privatsph\u00e4re ihres neuen Zuhauses zu bewahren. Als Partner f\u00fcr Krankenpflege und betreutes Wohnen sowie als ambulanter Pflegedienst umfasst unser Angebot die folgenden Punkte:  <\/p>\n\n\n\n<div class=\"wp-block-buttons is-layout-flex wp-block-buttons-is-layout-flex\">\n<div class=\"wp-block-button\"><a class=\"wp-block-button__link wp-element-button\" href=\"?page_id=25\">Krankenpflege<\/a><\/div>\n\n\n\n<div class=\"wp-block-button\"><a class=\"wp-block-button__link wp-element-button\" href=\"?page_id=27\">Palliativpflege<\/a><\/div>\n\n\n\n<div class=\"wp-block-button\"><a class=\"wp-block-button__link wp-element-button\" href=\"?page_id=29\">Verhinderungspflege<\/a><\/div>\n\n\n\n<div class=\"wp-block-button\"><a class=\"wp-block-button__link wp-element-button\" href=\"?page_id=31\">Entlastungsleistung<\/a><\/div>\n<\/div>\n\n\n\n<h3 class=\"wp-block-heading\">Erfahren Sie mehr \u00fcber unsere Pflegeleistungen<\/h3>\n\n\n\n<p>Unser Hauptziel ist es, einen pers\u00f6nlichen, freundlichen und zuverl\u00e4ssigen Service f\u00fcr \u00e4ltere und pflegebed\u00fcrftige Menschen zu bieten. Unsere Altenpflegedienste sowie die Seniorenbetreuung sind hochgradig personalisiert. Wenn wir uns zun\u00e4chst mit Kunden, ihren Freunden und Familien treffen, erstellen wir einen Pflegeplan, der alle m\u00f6glichen Anforderungen ber\u00fccksichtigt.<\/p>\n\n\n\n<p>Unser familiengef\u00fchrter Pflegedienst ist f\u00fcr Sie 24 Stunden am Tag erreichbar. So k\u00f6nnen Sie uns im Notfall auch nach B\u00fcroschluss jederzeit anrufen.<\/p>\n\n\n\n<p><strong>Unsere Leistungen im \u00dcberblick:<\/strong><\/p>\n\n\n\n<ul>\n<li>Krankenpflege<\/li>\n\n\n\n<li>Palliativpflege<\/li>\n\n\n\n<li>Verhinderungspflege<\/li>\n\n\n\n<li>Entlastungsleistung<\/li>\n\n\n\n<li>Pflegeberatung<\/li>\n\n\n\n<li>Betreutes Wohnen<\/li>\n<\/ul>\n\n\n\n<p><\/p>\n","protected":false},"excerpt":{"rendered":"<p>Backschies H\u00e4usliche Krankenpflege und Seniorenbetreuung GmbH Herzlich willkommen!&nbsp;Wir sind ein Familienbetrieb mit Traditionen und wir glauben, dass das Alter gefeiert werden sollte. Jeder sollte die &hellip; <\/p>\n","protected":false},"author":1,"featured_media":263,"parent":0,"menu_order":0,"comment_status":"closed","ping_status":"closed","template":"","meta":{"footnotes":""},"_links":{"self":[{"href":"https:\/\/www.backschies.de\/index.php?rest_route=\/wp\/v2\/pages\/9"}],"collection":[{"href":"https:\/\/www.backschies.de\/index.php?rest_route=\/wp\/v2\/pages"}],"about":[{"href":"https:\/\/www.backschies.de\/index.php?rest_route=\/wp\/v2\/types\/page"}],"author":[{"embeddable":true,"href":"https:\/\/www.backschies.de\/index.php?rest_route=\/wp\/v2\/users\/1"}],"replies":[{"embeddable":true,"href":"https:\/\/www.backschies.de\/index.php?rest_route=%2Fwp%2Fv2%2Fcomments&post=9"}],"version-history":[{"count":19,"href":"https:\/\/www.backschies.de\/index.php?rest_route=\/wp\/v2\/pages\/9\/revisions"}],"predecessor-version":[{"id":323,"href":"https:\/\/www.backschies.de\/index.php?rest_route=\/wp\/v2\/pages\/9\/revisions\/323"}],"wp:featuredmedia":[{"embeddable":true,"href":"https:\/\/www.backschies.de\/index.php?rest_route=\/wp\/v2\/media\/263"}],"wp:attachment":[{"href":"https:\/\/www.backschies.de\/index.php?rest_route=%2Fwp%2Fv2%2Fmedia&parent=9"}],"curies":[{"name":"wp","href":"https:\/\/api.w.org\/{rel}","templated":true}]}}